s 191 a factor of 3494780?
False
Is 367 a factor of 463422?
False
Does 18 divide 1535796?
True
Is 22320119 a multiple of 18?
False
Is 160 a factor of 31040?
True
Is 336317 a multiple of 27?
False
Does 89 divide 481045?
True
Is 2823857 a multiple of 73?
False
Is 18947047 a multiple of 390?
False
Is 3257366 a multiple of 38?
False
Is 47 a factor of 393202?
True
Is 26 a factor of 779844?
True
Does 34 divide 243746?
True
Does 242 divide 3224?
False
Does 24 divide 2948128?
False
Is 96040 a multiple of 149?
False
Does 42 divide 1772022?
True
Is 96628 a multiple of 2?
True
Is 28 a factor of 520603?
False
Is 12915848 a multiple of 112?
False
Is 19 a factor of 1958197?
True
Does 101 divide 1077315?
False
Is 165577 a multiple of 71?
False
Is 9909888 a multiple of 83?
False
Is 71929 a multiple of 143?
True
Is 20 a factor of 559734?
False
Is 923027 a multiple of 385?
False
Is 5 a factor of 208283?
False
Does 295 divide 3167773?
False
Is 31 a factor of 7437368?
False
Is 533 a factor of 566579?
True
Is 12 a factor of 94920?
True
Does 4 divide 2530522?
False
Does 76 divide 6764?
True
Does 71 divide 5582943?
True
Is 3494540 a multiple of 3?
False
Is 350 a factor of 61109?
False
Does 45 divide 117765?
True
Does 726 divide 640829?
False
Does 14 divide 655550?
True
Does 293 divide 2398675?
False
Is 347 a factor of 771172?
False
Is 59 a factor of 47849?
True
Is 29 a factor of 152980?
False
Does 19 divide 5149?
True
Does 11 divide 44930?
False
Does 9 divide 13718?
False
Is 263510 a multiple of 13?
True
Is 154326 a multiple of 102?
True
Is 46 a factor of 293966?
False
Does 220 divide 737156?
False
Is 403533 a multiple of 13?
True
Does 1145 divide 1919462?
False
Is 9114688 a multiple of 202?
False
Is 6988280 a multiple of 38?
False
Does 6 divide 76296?
True
Does 43 divide 3616692?
False
Is 90 a factor of 3627748?
False
Is 9 a factor of 518544?
True
Does 324 divide 247248?
False
Is 892840 a multiple of 520?
True
Does 247 divide 33114522?
False
Does 174 divide 421370?
False
Is 19 a factor of 1446622?
True
Does 690 divide 6838857?
False
Is 847070 a multiple of 467?
False
Is 30353 a multiple of 42?
False
Is 14 a factor of 302340?
False
Does 7 divide 6242?
False
Is 4730032 a multiple of 23?
False
Does 34 divide 4770076?
False
Is 1156289 a multiple of 3?
False
Is 104524 a multiple of 28?
True
Is 506 a factor of 1981780?
False
Is 138 a factor of 63587?
False
Is 1201408 a multiple of 38?
True
Is 16 a factor of 13357733?
False
Is 247 a factor of 5809193?
True
Does 12 divide 389816?
False
Does 11 divide 355385?
False
Does 183 divide 2615?
False
Is 1183 a multiple of 630?
False
Does 14 divide 53354?
True
Is 3639188 a multiple of 97?
False
Does 82 divide 618034?
True
Is 283370 a multiple of 14?
False
Is 33 a factor of 1647855?
True
Is 7916246 a multiple of 10?
False
Is 3356856 a multiple of 24?
True
Is 480 a factor of 2627200?
False
Does 7 divide 2461620?
True
Does 9 divide 188272?
False
Is 84 a factor of 4360806?
False
Does 75 divide 49347?
False
Does 10 divide 88343?
False
Is 83 a factor of 1194464?
False
Is 1918508 a multiple of 11?
False
Is 19041 a multiple of 91?
False
Is 25912 a multiple of 41?
True
Is 10 a factor of 381735?
False
Does 315 divide 130506?
False
Is 36 a factor of 122436?
True
Is 18 a factor of 7650?
True
Does 47 divide 825179?
True
Does 97 divide 78273?
False
Is 22 a factor of 103796?
True
Is 571470 a multiple of 6?
True
Is 175879 a multiple of 34?
False
Is 39303 a multiple of 2?
False
Is 577720 a multiple of 6?
False
Is 428 a factor of 166064?
True
Is 8111676 a multiple of 44?
False
Is 27 a factor of 362712?
False
Is 22 a factor of 301511?
False
Does 12 divide 15369744?
True
Is 293755 a multiple of 49?
True
Is 648 a factor of 7564752?
True
Does 11 divide 43318?
True
Does 76 divide 4167041?
False
Is 170 a factor of 16635520?
True
Does 184 divide 473984?
True
Is 53293 a multiple of 389?
True
Is 1018120 a multiple of 10?
True
Is 60246 a multiple of 18?
True
Is 9358761 a multiple of 201?
True
Is 117 a factor of 220880?
False
Does 442 divide 753961?
False
Is 73325 a multiple of 3?
False
Is 8 a factor of 9103240?
True
Is 1463 a factor of 14167692?
True
Is 105 a factor of 69585?
False
Is 90482 a multiple of 4?
False
Is 803986 a multiple of 207?
False
Does 4 divide 16032?
True
Does 50 divide 3526778?
False
Does 104 divide 1875328?
True
Is 139934 a multiple of 31?
True
Does 16 divide 68233?
False
Is 7 a factor of 1526?
True
Is 19 a factor of 1688720?
True
Is 49589 a multiple of 35?
False
Is 48 a factor of 1085455?
False
Is 241574 a multiple of 8?
False
Is 14 a factor of 17766?
True
Does 192 divide 67408?
False
Is 136034 a multiple of 5?
False
Does 6 divide 1529331?
False
Is 3560277 a multiple of 19?
True
Is 186 a factor of 3162944?
False
Is 33 a factor of 1681457?
False
Is 436581 a multiple of 325?
False
Does 20 divide 1261740?
True
Is 100106 a multiple of 73?
False
Is 90 a factor of 342630?
True
Does 12 divide 17027820?
True
Is 700848 a multiple of 157?
True
Is 32 a factor of 3835680?
True
Does 476 divide 9520?
True
Is 11 a factor of 9735?
True
Is 196384 a multiple of 31?
False
Is 29 a factor of 1011839?
True
Is 1864033 a multiple of 1080?
False
Is 523636 a multiple of 989?
False
Is 2425263 a multiple of 254?
False
Is 290264 a multiple of 13?
True
Is 12947 a multiple of 11?
True
Is 34812 even?
True
Is 5494896 a multiple of 132?
True
Does 74 divide 145336?
True
Does 113 divide 4902957?
True
Is 1702632 a multiple of 12?
True
Does 202 divide 7731752?
True
Is 5573904 a multiple of 318?
True
Is 264712 a multiple of 14?
True
Is 1072825 a multiple of 104?
False
Does 76 divide 2158209?
False
Is 456 a factor of 176758?
False
Is 8 a factor of 1038194?
False
Is 12265104 a multiple of 12?
True
Is 18 a factor of 398880?
True
Is 123740 a multiple of 92?
True
Does 10 divide 2526390?
True
Is 5 a factor of 23265?
True
Is 184 a factor of 1073459?
False
Is 21 a factor of 1388891?
False
Is 108427 a multiple of 59?
False
Is 47187 a multiple of 300?
False
Is 9 a factor of 4752?
True
Is 20 a factor of 329134?
False
Is 1773761 a multiple of 3?
False
Is 13069430 a multiple of 22?
True
Is 69 a factor of 756102?
True
Does 21 divide 943295?
False
Is 76662 a multiple of 6?
True
Is 5189800 a multiple of 35?
True
Does 194 divide 3573193?
False
Is 182654 a multiple of 14?
False
Is 86 a factor of 66605?
False
Is 518289 a multiple of 13?
False
Is 151 a factor of 13932?
False
Does 196 divide 357700?
True
Is 569 a factor of 95592?
True
Is 261 a factor of 23751?
True
Is 511884 a multiple of 16?
False
Does 231 divide 5548137?
False
Is 106488 a multiple of 60?
False
Does 911 divide 2988818?
False
Is 793368 a multiple of 36?
True
Does 974 divide 1554504?
True
Does 30 divide 1003080?
True
Does 37 divide 103222?
False
Is 1391 a multiple of 267?
False
Does 11 divide 104335?
True
Is 46287 even?
False
Does 47 divide 55091?
False
Is 86604 a multiple of 42?
True
Does 6 divide 123666?
True
Does 139 divide 4546134?
True
Does 353 divide 577262?
False
Does 31 divide 20545343?
True
Does 66 divide 7090974?
True
Is 3364768 a multiple of 88?
True
Does 1295 divide 969955?
True
Is 180 a factor of 1019814?
False
Is 24438 a multiple of 6?
True
Is 44 a factor of 1062380?
True
Is 172270 a multiple of 42?
False
Is 10 a factor of 53089?
False
Is 118429 a multiple of 14?
False
Is 20 a factor of 39160?
True
Is 41152 a multiple of 144?
False
Does 114 divide 10649538?
True
Does 25 divide 228784?
False
Is 52825 a multiple of 194?
False
Is 17 a factor of 169313?
False
Is 51772 a multiple of 49?
False
Is 229431 a multiple of 31?
True
Is 14 a factor of 10119116?
True
Does 173 divide 384579?
True
Does 284 divide 6051411?
False
Is 428535 a multiple of 15?
True
Does 9 divide 71931?
False
Is 137 a factor of 136452?
True
Does 20 divide 821060?
True
Is 22588764 a multiple of 22?
True
Does 16 divide 178380?
False
Is 111 a factor of 1110555?
True
Is 13 a factor of 70589?
False
Is 66 a factor of 290605?
False
Is 9 a factor of 68917?
False
Is 358 a factor of 2783646?
False
Is 19 a factor of 63783?
True
Does 85 divide 490450?
True
Does 18 divide 8068657?
False
Does 95 divide 662625?
True
Does 21 divide 96932?
False
Does 6 divide 66869?
False
Is 23 a factor of 3073122?
True
Is 261005 a multiple of 22?
False
Is 731150 a multiple of 14?
True
